z + 14*z + 4 - 8*z. What is g(7)?
-10
Let s(t) = -t**3 + 60*t**2 - 21*t**2 - 17*t + 12*t - 44*t**2. Calculate s(-4).
4
Let q(r) = -r**3 + 22*r + 6. Suppose 5*v = -2*d + 10, -24*d + 19*d + 25 = -5*v. What is q(d)?
-9
Let m(b) = 16*b + 51. Suppose -5*c - 2*a = -12 + 58, c - 4*a - 4 = 0. What is m(c)?
-77
Let p be ((5 - (-5)/1)*1)/2. Suppose -p*q + 6*q + 3*u + 8 = 0, 3*u + 3 = 0. Let d(l) = -l**2 - l - 2. Determine d(q).
-22
Let i(b) = b**2 + 4*b - 1. Let s be ((-6)/4)/((-1)/2). Let x be 92*s/(-4 + 16). Suppose 2*a + 6 = 2*m, -16*m + 12*m = 3*a + x. What is i(m)?
-5
Let b(g) = 2*g + 14. Let y = -12047 - -12050. What is b(y)?
20
Let w(k) = 1 + k + 0 - 10*k - 4 - k**2 - 6. Let z(q) = -q**2 - 13*q - 10. Let o(g) = 5*w(g) - 4*z(g). Give o(3).
7
Let h(i) = -3*i + 10*i + 7 + 0*i**2 - i**2. Suppose 5*l + 47 = -p + 12, 4*l + 50 = -3*p. Let q be (5/p*-28)/2. Determine h(q).
7
Let t(b) = 3*b - 75. Let v(a) = -4*a + 150. Let s(q) = -7*t(q) - 3*v(q). What is s(10)?
-15
Let p(t) = -4343 - 4357 + 8667 - t. What is p(-29)?
-4
Let g(j) = 12*j**3 + 1113 - 13*j**3 - 7*j**2 + 11*j - 1109. Determine g(-8).
-20
Let t = -4 - 6. Suppose 0 = -4*g + g - 5*b - 58, -3*b - 15 = 0. Let a = g - t. Let l(m) = 7*m**3 - m**2 - m. Determine l(a).
-7
Let g(k) = 4937 + 4*k - 2465 - 2473 + 3*k. What is g(-2)?
-15
Suppose -3*z - 6*b + 3*b = -9, 5*b = 4*z + 24. Let x(m) = 36*m**2 + 3*m + 2. Determine x(z).
35
Suppose 35*m + 48 = 47*m. Let q(t) = -4*t + 7. What is q(m)?
-9
Let q be (6/(-4))/(12/(-16)). Suppose 0 = q*n + 18 - 100. Let s(l) = -l - n + 41. Give s(3).
-3
Let q(r) = -r**3 - 3*r. Let w be q(0). Suppose -g + 46 - 37 = w. Let i(a) = -a**3 + 8*a**2 + 9*a - 8. Calculate i(g).
-8
Let n(s) = 2*s**2 + 7*s - 1. Let d(i) = -15 + 5 + i**2 + 7*i + 8. Let r(w) = -3*d(w) + 2*n(w). Calculate r(7).
4
Let f(c) = c**2 + 17*c - 1. Let y(o) = -o**2 - 18*o. Let a(m) = 4*f(m) + 3*y(m). Suppose -1907*t - 1428 = -1805*t. What is a(t)?
-4
Let g(k) = -33*k - 523. Let a be g(-16). Let f(w) = -2*w. Determine f(a).
-10
Let c(x) = -7*x**2 - 76*x - 60. Let r(i) = -9*i**2 - 88*i - 60. Let z(n) = -5*c(n) + 4*r(n). Determine z(30).
0
Let x(g) = -2*g - 11. Let y(o) = -2*o**2 - 11*o - 24. Let n be y(-3). Calculate x(n).
7
Let s = -98 - -106. Suppose s*x - 15 = 5*x. Let k(u) = -u**3 + 6*u**2 - 6*u + 7. What is k(x)?
2
Let q(o) = -2*o**2 + 3*o + 3. Suppose 4*d + 2*f = 0, 0*d + f = -3*d + 2. Suppose d*l + 3*s = -l - 120, 2*l - 5*s = -45. Let z = l + 33. Determine q(z).
-11
Let t(a) = -a**2 + 26*a - 104. Suppose 0 = 4*k - 17*i + 8*i + 20, 12 = 4*k - i. Calculate t(k).
-16
Let c(t) be the first derivative of -t**4/4 - t**3/3 + t**2/2 - 6*t + 8362. Give c(0).
-6
Let c(f) = -7*f**2 + f - 1. Let s = -157 + 93. Let a = s - -64. Suppose 3*t - t + 5*r = 27, a = 5*t - 5*r + 20. Determine c(t).
-7
Let h(o) be the second derivative of o**4/24 - o**3/6 + 259*o**2/2 - 78*o + 1. Let a(v) be the first derivative of h(v). Give a(-5).
-6
Let p(k) be the first derivative of -k**4/4 - 2*k**3/3 - 5*k**2/2 - 21*k - 892. Calculate p(-3).
3
Let z(i) be the first derivative of 2*i**2 + 27*i + 623. Calculate z(-8).
-5
Suppose -2*i = -r + 3, -5*r - 5*i + 57 = -i. Let b be (-1 + (-11)/(-3))/((-6)/r). Let g(d) = 0*d - 5*d - 1 + 4*d + 6*d. What is g(b)?
-21
Suppose 22*y + 170 = 478. Let p be (y + -12)/(3/(-18)*-2). Let x(r) = r**3 - 4*r**2 - 13*r - 4. Give x(p).
-10
Let p(n) = -13*n**2 - 18*n + 40. Let l(u) = -3*u**2 - u + 3. Let v(j) = -5*l(j) + p(j). What is v(4)?
5
Let g(l) = 35*l**2 + 99 + 94 - 4*l**2 - 298 + 102. Determine g(2).
121
Let q(v) = 8*v**3 + 40*v**2 + 18*v + 75. Let z be q(-5). Let n(w) = w**3 + 13*w**2 - 31*w - 25. Calculate n(z).
-10
Let h(y) = 2*y - 37 - 3*y - y. Suppose -5*r + 2*t - 74 = 0, -23410*t + 23414*t = 2*r + 20. What is h(r)?
-5
Suppose -a = c - 1, -18*c + 15*c - 2*a + 8 = 0. Let m(v) = -4*v**2 + v**3 - 11*v**2 + 11*v**2 + 4 + c*v**2. Give m(-4).
-28
Let d be ((-490)/28)/35 - 14/(-4). Let o(b) be the third derivative of 0*b + 0*b**4 + 1/60*b**5 + 1/3*b**d + 15*b**2 + 0. What is o(-2)?
6
Let m = 291 - 296. Let f(p) = 2*p**2 + 19*p - 9. Let x(d) = 3*d**2 + 29*d - 14. Let g = 2 + 3. Let r(y) = g*x(y) - 8*f(y). Calculate r(m).
12
Let b(a) be the second derivative of 17*a**3/6 - 239*a**2/2 + 150*a. Calculate b(14).
-1
Let s(k) be the first derivative of -k**4/2 + 19*k**3/3 + 9*k**2/2 + 15*k + 755. Give s(10).
5
Suppose 78 = 146*a - 47*a - 219. Let r(u) = -3*u**3 + u**2 + 8*u + 3. What is r(a)?
-45
Suppose -z - 3*j - 242 + 230 = 0, 2*j = -5*z + 5. Let u(k) = -k**3 + 3*k**2 - 1. Give u(z).
-1
Let q be (-4)/18 - ((-1740)/108)/5. Suppose 9*s + 30 = q*s. Let b(l) = l + 5. Calculate b(s).
0
Let x(h) = -3*h + 32. Let j be x(10). Let n(m) = 160 - 159 - m**2 + 2*m**j + m**2 - m**2. Determine n(1).
2
Let v(y) be the second derivative of y**5/20 + 3*y**4/4 - y**3/3 + y**2 - 269*y. Calculate v(-7).
114
Let i(d) be the second derivative of -13*d**4/12 + 2*d**3/3 + 4*d**2 + 8240*d. What is i(-1)?
-9
Let v(q) = 138*q - 2903. Let r be v(21). Let g(i) = -i**3 - 7*i**2 - 6*i + 4. Give g(r).
-16
Let k(m) be the second derivative of m**5/20 + m**4/2 + m**3/6 - 4*m**2 + 5653*m. Give k(-7).
-64
Let g(t) = -5*t - t + 215113119 - 215113128. Give g(-2).
3
Suppose v + 4*t - 11 = 2, -2*t = 0. Let q(l) = -l**3 - 8*l**2 - 6*l + 10. Let o be q(-7). Let j(n) = v*n**2 - 6*n**2 + n - n**o - 2*n. Determine j(7).
-7
Let a be (-2 - 1)*33/99. Let d be -4 - (-10 + a - 2). Let h(u) be the first derivative of u**2/2 - 12*u - 1. Give h(d).
-3
Suppose 2*h = -h - y - 17, 0 = -2*h - 5*y - 33. Suppose 0*i - 11*i = -55. Let f(w) = -4 + 510*w + w**3 + 4*w**2 + i - 509*w. Determine f(h).
-3
Let c be (0 - 0 - -1)*(60 - 73). Let h(d) = d**3 + 14*d**2 + 15*d + 20. Calculate h(c).
-6
Let m(t) = -4*t - 4*t - 2*t**2 + 9 + 3*t**2. Suppose -5*p = 2*v - 6*v - 3, -59 = -3*v - 5*p. Calculate m(v).
9
Let p(j) = -21*j**3 + 19*j**2 + 3*j + 10. Let z(o) = 17*o**3 - 17*o**2 - 2*o - 11. Let m(w) = 4*p(w) + 5*z(w). Determine m(9).
3
Let m(j) = -16*j - 3. Let g(c) = 25*c + 14. Let x(y) = -27*y - 16. Let t(o) = -7*g(o) - 6*x(o). Let l(z) = 4*m(z) - 5*t(z). What is l(-5)?
-7
Let a be ((-675)/(-405))/(2/(-8 - -2)). Let n(z) = z**2 + 8*z + 6. Calculate n(a).
-9
Let p(h) = h**3 - 4*h**2 + 3*h - 8. Let v be 5 - (0 - (4 - 6)). Let n(u) = -3*u**3 + 13*u**2 - 10*u + 23. Let b(y) = v*n(y) + 8*p(y). Give b(6).
5
Let f(p) = -6*p**3 + 2*p**2 + 2*p + 1. Suppose 29 = 38*a + 67. What is f(a)?
7
Let y(d) = d**3 - 10*d**2 - 4*d + 26. Let l be y(10). Let m be 162/378 + 104/l. Let i(n) = -2*n**2 - 16*n - 6. What is i(m)?
8
Let n(o) = 28*o + 2. Let v(z) = 45*z + 3. Let s(q) = 8*n(q) - 5*v(q). Let c(u) = 3*u - 1. Let b be c(-1). Determine s(b).
5
Let f(q) = -3 - 6*q - 4 + q**2 + q. Let x be 8/36 - (25/(-9) + 1). Suppose -r = x*r - 21. Calculate f(r).
7
Let p(l) = 10*l - 3. Suppose -2*i - 14 = 2*n, 0 = -i + 2*n - 11 + 19. Let r be (4 - (-152)/(-36))/(i/18). What is p(r)?
17
Let i(n) = -167*n - 11034. Let m be i(-66). Let p(x) = x**2 - 3*x**2 - x**3 - 5*x**2 - 5*x**2 - 10. Calculate p(m).
-10
Suppose 5*r + y - 120 = 6*y, -5*y + 34 = 2*r. Suppose f = 2*d - 25, -2*d + f + r = 3*f. Let t(j) = 5*j - 1 + 6*j - d*j. Give t(-5).
4
Suppose 11*h + 15*h = 24*h - 82. Let j(d) = -3*d - 178. What is j(h)?
-55
Let w(q) = 5*q**2 - 4*q - 9. Let t(b) = b**2 + b. Suppose 2*a - 3*r + 0*r = 88, -231 = -5*a + 2*r. Let o = -41 + a. Let v(k) = o*t(k) - w(k). Determine v(-6).
-15
Let s(k) = 9*k - 1. Suppose -195 - 756 = -3*l. Let t = -315 + l. Give s(t).
17
Suppose -53*o - 16 = 13 - 29. Let j(b) = -b. Let w(n) = n**2 + 4*n - 10. Suppose 4*k - 4*x = -4, -3*k - 13 = -8*x + 3*x. Let y(g) = k*j(g) + w(g). What is y(o)?
-10
Suppose -108 = -4*s - 8*s. Let k = 34 - s. Suppose 7 = -3*l + 2*i, 4*i + k = -5*l - 16. Let v(r) = -r**3 - 7*r**2 - 5*r - 2. Calculate v(l).
-27
Let l(u) = 11*u - 277 + 276 + 2*u - 4*u + u. Suppose 0 = 9*y - 10*y + 2. Calculate l(y).
19
Let b(k) be the second derivative of k**4/12 + 8*k**3/3 + 59*k**2/2 - 1138*k. Calculate b(-5).
4
Let j(m) = -m**3 - 5*m**2 + 11*m + 17. Let u be 1/2 + 1 + 2535/(-338). Determine j(u).
-13
Let w(z) be the third derivative of z**5/60 - 5*z**3/3 - 11*z**2 - 1. Suppose -3*j = -12 - 27. Let s(v) = -v**2 + 13*v. Let f be s(j). Determine w(f).
-10
Suppose -2 = -14*x + 13*x. Let y(z) =